isor of o and 319?
29
Let q = 18 + 2. Let m be 2*6 + (-1 + -4 - -3). Calculate the greatest common divisor of m and q.
10
Let k(q) = 2*q**2 + q + 3. Let m be k(-3). Suppose -8*x - 18 = -9*x. Calculate the highest common factor of m and x.
18
Suppose t = 5*t. Suppose t = -3*k + 58 - 22. What is the highest common factor of 84 and k?
12
Suppose -2*o + 35 - 25 = 0. Suppose 2*j + m - 25 = -3*j, 3*m + 5 = j. Calculate the highest common factor of o and j.
5
Let m(j) = -j**2 - 6*j - 6. Let u be m(-4). Suppose -u*f - f = -48. Suppose -2*v + f + 14 = 0. What is the greatest common divisor of v and 3?
3
Let b = 7 - 4. Suppose 2*m - 3*a = 0, 2*m + 3*a + 18 = m. Let x be (-8)/6*9/m. Calculate the highest common factor of x and b.
1
Let k be ((-18)/8)/(-3)*-36. Let c be (k/12)/((-2)/8). What is the greatest common factor of 72 and c?
9
Let v = -276 - -542. Let o = v - 176. Calculate the greatest common factor of 15 and o.
15
Suppose -107 = -4*y + 97. Suppose -9 = 2*b + b, 0 = 3*p + 4*b - y. What is the greatest common factor of 231 and p?
21
Let l be (-1 + -1)/(4/(-6)). Suppose -x + 4*h - 160 = -3*x, 2*x = -l*h + 155. Let q = 45 + -17. What is the greatest common factor of x and q?
14
Suppose h = 5*g + 34, g + 91 = 2*h - 13. What is the greatest common factor of 6 and h?
6
Suppose 40 = -0*k + 5*k. Let o be (372/8 + 2)*2. Let p = o + -57. Calculate the greatest common factor of p and k.
8
Let w be (-4)/12 - (-34)/3. Suppose 3*h + 2*h = 55. Calculate the greatest common divisor of w and h.
11
Let h be 92/(-2) + (-1)/(-1). Let d(y) = 38*y + 1. Let j be d(4). Let v = h + j. What is the highest common factor of 12 and v?
12
Suppose 0 = -4*c + 5 + 15. Suppose 0*u - 15 = -c*u. What is the greatest common divisor of u and 33?
3
Let z = 124 - 7. What is the highest common divisor of z and 13?
13
Let y = 14 - 1. Let q(v) = v**2 - 11*v + 13. Let w be q(y). Calculate the greatest common factor of 13 and w.
13
Suppose 25*o - 37*o + 144 = 0. Calculate the greatest common divisor of o and 228.
12
Suppose g + 6 = 4*g. What is the highest common factor of g and 6?
2
Let u = 27 + -18. Calculate the highest common factor of u and 63.
9
Let m = 9 + -5. Suppose -3*h - h - 392 = -m*v, -5*h - 390 = -4*v. Let t(s) = -3*s + 1. Let n be t(-3). Calculate the highest common factor of n and v.
10
Let y be 12*(-2)/((-2)/11). Suppose 0 = -2*q + 60 + y. Calculate the greatest common factor of q and 12.
12
Suppose -2*r = -6 - 0. Suppose 4*l = r*v + 20, 4*l + 18 = -5*v + 6. Calculate the greatest common divisor of 2 and l.
2
Let h = -15 + 10. Let z = -1 - h. Suppose -2*o = -0*o - z. Calculate the greatest common factor of o and 6.
2
Let b(l) = 19*l + 2. Let q be 1/3 + 25/15. Let z be b(q). Calculate the highest common divisor of 16 and z.
8
Let s = 14 + -10. Suppose s*u - 2 = 46. Calculate the highest common factor of u and 132.
12
Let r = -79 - -97. Calculate the highest common factor of 18 and r.
18
Suppose 3*r - 51 = 4*r. Let q be (-4)/10 + r/(-15). Calculate the greatest common factor of 12 and q.
3
Suppose 4*o - 7*o + 105 = 0. Calculate the greatest common factor of o and 7.
7
Let m(a) = 6*a**2 + 1. Let y(l) = -l. Let t be y(6). Let r = t - -7. Let u be m(r). Calculate the greatest common factor of u and 63.
7
Let k = -15 + 25. Let p(g) = g**2 - g - 8. Let o be p(4). Suppose o*j - 88 = 2*c, 3*j - 3*c - 62 - 10 = 0. What is the greatest common divisor of k and j?
10
Suppose 9 = -3*k + 5*g, -3*k = 2*k - 4*g + 2. Suppose 5*v - 84 = -n, 72 = 4*v - 0*v + 2*n. Calculate the greatest common factor of k and v.
2
Let s(b) = -65*b - 3. Let i be s(-4). Let x(d) = -26*d. Let u be x(7). Let z = u + i. What is the highest common factor of z and 25?
25
Suppose -2*f = -5*f + 42. Let o = 40 - f. Suppose 3*c = -5*m + 65, -2*c - 13 = -m - 0*c. Calculate the greatest common factor of o and m.
13
Let j = -16 - -40. Let l(k) = k**2 + 9*k + 2. Let c be l(-9). Suppose -b = -14 + c. What is the greatest common divisor of j and b?
12
Suppose -100 - 20 = 4*b. Let u = b - -48. What is the highest common divisor of u and 9?
9
Let u = 34 + -70. Let j = -19 - u. What is the highest common divisor of j and 17?
17
Let c(v) = 9*v - 6. Let b be c(4). Let j(f) = -f**2 + 11*f - 10. Let s be j(5). Calculate the greatest common divisor of b and s.
10
Suppose -5*i - 44 + 9 = 0. Let c = 2 - i. What is the highest common factor of 18 and c?
9
Let z = -88 + 142. Calculate the highest common divisor of z and 6.
6
Let i = 11 + -8. Suppose 2*q + i*s - 82 = -3*q, -3*s = q - 26. Suppose 4*w - 78 = 5*d - 564, -391 = -4*d + w. What is the greatest common factor of q and d?
14
Suppose 2*u + 2*u + 4*r = 12, -4*u + 3*r + 33 = 0. Calculate the greatest common factor of u and 24.
6
Suppose 3*z = 5*l, 0 = 2*z - z + 2*l - 11. Suppose -z*x + 5 = -5. Let b = x + 0. What is the greatest common factor of b and 8?
2
Let o(l) = -l**2 + 7*l + 3. Suppose -12 = -4*v + 16. Let i be o(v). Suppose 30 = -i*t + 8*t. Calculate the greatest common divisor of 2 and t.
2
Suppose -4 - 2 = -i - z, 0 = 4*i - 3*z - 17. Let s = 275 - 159. Let o = s + i. What is the highest common factor of o and 11?
11
Let i = -15 - 0. Let l = 29 + i. Calculate the greatest common divisor of 112 and l.
14
Suppose -z - 24 = -3*j - 2*j, 4*j = -4*z + 24. Suppose -c - j = -101. Let i be 13 - 3/9*3. Calculate the greatest common factor of c and i.
12
Let n(d) = d. Let p(i) = 6*i + 3. Let y(v) = 4*n(v) - p(v). Let h be y(-9). What is the highest common factor of 135 and h?
15
Let m(h) = -94*h**3 - h**2 - h. Let q be m(-1). Suppose -5*n + q - 34 = 0. Calculate the highest common factor of 60 and n.
12
Suppose 0*d = 3*t - 2*d - 57, -3*t = -3*d - 54. What is the greatest common divisor of t and 6?
3
Suppose 0 = 4*m - 8*m + 12. Suppose 2*b + 4 - 3 = 3*y, -m*y = 5*b - 8. Suppose -3 = -v + y. Calculate the greatest common factor of 44 and v.
4
Let b(p) = 37*p - 1. Let z be b(1). Suppose 33*f - 8 = 31*f. What is the highest common divisor of z and f?
4
Suppose 2*p + 6*k = 2*k + 86, 3*k = p - 23. Suppose 0 = 4*b - 2*z + 7*z - p, 3*z = -15. Calculate the greatest common factor of 60 and b.
15
Suppose 5*j = 2*j + 96. Calculate the greatest common factor of j and 8.
8
Let j be 1/((-15)/(-242)) - 56/420. Let b = 31 + -15. Calculate the greatest common divisor of b and j.
16
Let j = 698 - 42. Let z = j + -392. Calculate the greatest common factor of 24 and z.
24
Let l be (-66)/(-24) + -3 - 113/(-4). Calculate the highest common divisor of 56 and l.
28
Suppose 6*r = 11*r - 40. What is the highest common divisor of r and 24?
8
Let q(m) = 6*m**2 + 5*m**2 + m + 4 - 1 - 1. Let i be q(3). Calculate the greatest common divisor of i and 13.
13
Suppose -m = b - 187, 0*m = -2*m - 10. What is the greatest common factor of b and 24?
24
Let l(k) = 112*k + 7. Let b be l(1). What is the highest common factor of b and 7?
7
Suppose -2*y + 74 = g - 4*y, -2*y + 78 = g. Calculate the highest common factor of g and 19.
19
Let f(k) = -1 + k**2 + 11*k - 14*k + 11*k - 3. Let p be f(6). What is the highest common factor of p and 16?
16
Let s(x) = 20*x**2 - 2*x + 2. Suppose w - 4*o - 24 + 1 = 0, 3*w = -4*o + 5. Let f = w + -4. Let j be s(f). Calculate the highest common factor of j and 16.
16
Let r(g) = g**2 - 8*g + 10. Let h be r(7). Suppose k = h - 1. Calculate the highest common divisor of 1 and k.
1
Let w(n) = -n**3 - n - 7. Let v be w(0). Let y be 12/v*(-21)/2. Suppose 16 = 2*x - 4*a - 12, -5*a + 43 = 4*x. Calculate the highest common factor of x and y.
6
Suppose -w - 4 = -3*w. Let n be ((-3)/w)/((-12)/16). Let m(u) = -u**3 - 5*u**2 - 5*u + 2. Let d be m(-4). What is the greatest common factor of d and n?
2
Let l be (10/12)/5 + (-987)/(-18). Calculate the greatest common factor of 5 and l.
5
Suppose 335 = 4*g - 0*g - 3*z, 2*g = 4*z + 180. Calculate the highest common divisor of 5 and g.
5
Let g be (-41)/(-2) - (-5)/(-10). Let u be (3 + 3)/(6/g). What is the highest common divisor of 10 and u?
10
Suppose -4*n + 17 = -23. What is the highest common divisor of 25 and n?
5
Let x = 9 - 0. Let s = -44 - -80. Calculate the highest common divisor of s and x.
9
Let v be (-1016)/(-6) - 6/(-9). Calculate the highest common factor of 10 and v.
10
Let g be ((-3)/(-2))/(6/(-8)). Let m(i) = -28*i + 1. Let n be m(g). What is the